{"id":36,"date":"2020-05-19T14:37:11","date_gmt":"2020-05-19T14:37:11","guid":{"rendered":"http:\/\/redrooster-pub.de\/?page_id=36"},"modified":"2020-06-16T08:04:09","modified_gmt":"2020-06-16T08:04:09","slug":"datenschutzerklaerung","status":"publish","type":"page","link":"https:\/\/redrooster-pub.de\/?page_id=36","title":{"rendered":"Datenschutzerkl\u00e4rung"},"content":{"rendered":"\n<p><strong>Einleitung<\/strong><br>Diese Datenschutzerkl\u00e4rung kl\u00e4rt Sie \u00fcber die Art, den Umfang und die Zwecke der Erhebung und Verwendung personenbezogener Daten auf der Webseite \u201ehttps:\/\/www.redrooster-pub.de\u201c (im Folgenden \u201eWebseite\u201c, \u201ewir\u201c oder \u201euns\u201c) auf. Wir sind die verantwortliche Stelle f\u00fcr s\u00e4mtliche personenbezogenen Daten, die auf der Webseite erhoben werden, es sei denn, diese Datenschutzerkl\u00e4rung enth\u00e4lt abweichende Angaben.<br>Personenbezogene Daten sind Informationen, mit deren Hilfe eine Person bestimmbar ist, also Angaben, die zur\u00fcck zu einer Person verfolgt werden k\u00f6nnen. Dazu geh\u00f6ren typischerweise der Name, die E-Mail-Adresse oder die Telefonnummer. Zudem sind aber auch rein technische Daten, die einer Person zugeordnet werden k\u00f6nnen, als personenbezogene Daten anzusehen.<br><strong>Kontaktdaten<\/strong><br>RR-Gastronomiebetriebsgesellschaft mbH<br>R\u00e4hnitzgasse 10<br>01097 Dresden<br>Telefon: +49 (0) 351 2721850<br>E-Mail: roostermarc@googlemail.com<br><strong>Datenschutzbeauftragter<\/strong><br>Unseren Datenschutzbeauftragten, Marc K\u00fchnel, erreichen Sie unter folgenden Kontaktdaten<br>E-Mail Adresse: roostermarc@googlemail.com<br>I<strong>hre Rechte<\/strong><br>Sie haben das Recht, \u00fcber die personenbezogenen Daten, die \u00fcber Sie gespeichert wurden, auf Antrag unentgeltlich Auskunft zu erhalten. Zus\u00e4tzlich haben Sie das Recht, auf Berichtigung unrichtiger Daten, das Recht, die Einschr\u00e4nkung der Verarbeitung von zu umfangreich verarbeiteten Daten zu verlangen und das Recht auf L\u00f6schung von unrechtm\u00e4\u00dfig verarbeiteten bzw. zu lange gespeicherten personenbezogenen Daten (soweit dem keine gesetzliche Aufbewahrungspflicht und keine sonstigen Gr\u00fcnde nach Art. 17 Abs. 3 DSGVO entgegenstehen). Dar\u00fcber hinaus haben Sie das Recht auf \u00dcbertragung s\u00e4mtlicher, von Ihnen an uns \u00fcbergebene Daten in einem g\u00e4ngigen Dateiformat (Recht auf Datenportabilit\u00e4t).\u00a0<br>Soweit Sie gegen einzelne Verfahren auch ein Recht auf Widerspruch gegen die Verarbeitung haben, weisen wir im Rahmen der Beschreibung der einzelnen Verfahren darauf hin.<br>Zur Aus\u00fcbung Ihrer Rechte gen\u00fcgt eine E-Mail an verkauf@brogsitter.de.<br>Dar\u00fcber hinaus haben Sie auch das Recht zur Beschwerde bei einer Datenschutzaufsichtsbeh\u00f6rde.<br><strong>Freiwilligkeit der Angaben von Daten\u00a0<\/strong><br>Die Bereitstellung Ihrer personenbezogenen Daten auf dieser Webseite ist generell weder gesetzlich noch vertraglich vorgeschrieben. Sie sind nicht verpflichtet, auf dieser Webseite personenbezogene Daten abzugeben. Gleichwohl erfordert die Bereitstellung der Funktionen dieser Webseite die Verarbeitung Ihrer personenbezogenen Daten.<br><strong>SSL\/TLS-Verschl\u00fcsselung<\/strong><br>Diese Seite nutzt zur Gew\u00e4hrleistung der Sicherheit der Datenverarbeitung und zum Schutz der \u00dcbertragung vertraulicher Inhalte, wie zum Beispiel Bestellungen, Login-Daten oder Kontaktanfragen, die Sie an uns als Betreiber senden, eine SSL-bzw. TLS-Verschl\u00fcsselung. Eine verschl\u00fcsselte Verbindung erkennen Sie daran, dass in der Adresszeile des Browsers statt einem &#8222;http:\/\/&#8220; ein &#8222;https:\/\/&#8220; steht und an dem Schloss-Symbol in Ihrer Browserzeile. Wenn die SSL- bzw. TLS-Verschl\u00fcsselung aktiviert ist, k\u00f6nnen die Daten, die Sie an uns \u00fcbermitteln, nicht von Dritten mitgelesen werden.<br><strong>Hinweise zu Cookies<\/strong><br>Cookies sind kleine Textdateien, welche bei dem Aufruf unserer Webseite auf Ihrem Endger\u00e4t durch den jeweils verwendeten Browser gespeichert werden. Einzelne Dienste einer Webseite k\u00f6nnen Sie auf diese Weise \u201eerkennen\u201c und sich \u201emerken\u201c, welche Einstellungen Sie vorgenommen haben. Dies dient zum einem der Benutzerfreundlichkeit von Webseiten und damit den Nutzern (z.B. Speicherung von Login-Daten). Zum anderen dienen Cookies dazu, statistische Daten der Webseitennutzung zu erfassen und die so gewonnenen Daten zu Analyse- und Werbezwecken zu nutzen.\u00a0<br>Einige Cookies werden automatisch wieder von Ihrem Endger\u00e4t gel\u00f6scht, sobald Sie die Webseite wieder verlassen (sogenanntes Session-Cookie). Andere Cookies werden f\u00fcr einen bestimmten Zeitraum gespeichert, der jeweils zwei Jahre nicht \u00fcbersteigt (Persistent-Cookies). Zudem setzen wir auch so genannte Third-Party-Cookies ein, die von Dritten verwaltet werden, um bestimmte Dienste anzubieten.<br>Sie k\u00f6nnen auf den Einsatz der Cookies Einfluss nehmen. Die meisten Browser verf\u00fcgen \u00fcber eine Option, mit der das Speichern von Cookies eingeschr\u00e4nkt oder komplett verhindert wird. Allerdings wird darauf hingewiesen, dass die Nutzung und insbesondere der Nutzungskomfort ohne Cookies eingeschr\u00e4nkt werden.<br><strong>\u00dcbersicht \u00fcber die Verfahren<\/strong><br>Auf dieser Webseite werden im Rahmen von folgenden Verfahren personenbezogene Daten verarbeitet: Webshop, Kontaktaufnahme,Newsletter, Server-Logfiles, Google Analytics<br><strong>Webshop<\/strong><br>Im Rahmen der Erstellung eines Benutzerkontos f\u00fcr unseren Online-Shop werden Sie aufgefordert, eine Reihe an personenbezogenen Daten einzugeben. Erforderlich sind Anrede, Nachnamen, Vornamen, E-Mail-Adresse, Stra\u00dfe, PLZ und Ort, da wir diese Angaben zwingend ben\u00f6tigen, um den Vertrag mit Ihnen durchzuf\u00fchren.\u00a0Wenn Sie Waren auf unserer Webseite bestellen, greifen wir auf die in Ihrem Kundenkonto gespeicherten Daten zur\u00fcck. Wenn Sie kein Kundenkonto anlegen m\u00f6chten, besteht trotzdem die M\u00f6glichkeit, Bestellungen aufzugeben. Dann sind f\u00fcr jeden Vertragsabschluss folgende Daten erforderlich, um den Vertrag durchf\u00fchren zu k\u00f6nnen: Vorname, Nachname, Rechnungsadresse (Stra\u00dfe, Hausnummer, PLZ, Ort, Staat), Lieferadresse (Stra\u00dfe, Hausnummer, PLZ, Ort, Staat), Zahlungsmitteldetails, E-Mail-Adresse und Geburtsdatum. Optional k\u00f6nnen Sie noch Ihre Telefonnummer angeben.<br>Das Geburtsdatum dient der Altersverifikation. Dar\u00fcber hinaus wird auch die Kaufhistorie gespeichert, um Ihnen und uns einen \u00dcberblick \u00fcber die bereits get\u00e4tigten Gesch\u00e4fte zu verschaffen.<br>Rechtsgrundlage<br>Die Kontodaten und die Bestelldaten werden auf Basis von Art. 6 Abs. 1 lit. b DSGVO verarbeitet. Dieser Erlaubnistatbestand gestattet die Verarbeitung von personenbezogenen Daten zu Zwecken der der Erf\u00fcllung eines Vertrages. Die Account- und Bestelldaten sind dabei notwendig um mit Ihnen \u00fcberhaupt einen Vertrag abschlie\u00dfen und ausf\u00fchren zu k\u00f6nnen.\u00a0<br><strong>Dauer der Datenspeicherung<\/strong><br>Die Daten \u00fcber konkrete Kaufvertr\u00e4ge und entsprechende Rechnungen werden aufgrund der Aufbewahrungsfrist aus \u00a7 257 HGB und \u00a7 147 AO f\u00fcr 10 Jahre nach Ablauf des Abrechnungsjahres gespeichert. \u00dcbrige Account-Daten werden erst gel\u00f6scht, wenn der Kunde ein Benutzerkonto schlie\u00dft.<br>Kontaktaufnahme<br>Bei der Kontaktaufnahme mit uns (per E-Mail) werden die von Ihnen gemachten Angaben zwecks Bearbeitung der Anfrage sowie f\u00fcr den Fall, dass Anschlussfragen entstehen, gespeichert.<br>Rechtsgrundlage<br>Die Angaben im Rahmen der Kontaktaufnahme werden auf Grundlage des Art. 6 Abs. 1 lit. a sowie lit. f DSGVO verarbeitet. Dieser Erlaubnistatbestand gestattet die Verarbeitung von personenbezogenen Daten im Rahmen des \u201eberechtigten Interesses\u201c des Verantwortlichen, soweit nicht Ihre Grundrechte, Grundfreiheiten oder Interessen \u00fcberwiegen. Unser berechtigtes Interesse besteht in der Bearbeitung der Kontaktaufnahme. Sie k\u00f6nnen dieser Datenverarbeitung jederzeit widersprechen, wenn Gr\u00fcnde vorliegen, die in Ihrer besonderen Situation bestehen und die gegen die Datenverarbeitung sprechen. Hierzu gen\u00fcgt eine E-Mail an den Datenschutzbeauftragten.<br>Dauer der Datenspeicherung<br>Die im Rahmen der Kontaktaufnahme gespeicherten personenbezogenen Daten werden gel\u00f6scht, wenn das mit der Kontaktaufnahme verbundene Anliegen vollst\u00e4ndig gekl\u00e4rt ist und auch nicht damit zu rechnen ist, dass die konkrete Kontaktaufnahme in der Zukunft nochmal relevant wird.<br><strong>Server-Logfiles\u00a0<\/strong><br>Wir erheben bei jedem Zugriff auf die Webseite automatisch eine Reihe von technischen Daten, bei denen es sich um personenbezogene Daten handelt.\u00a0<br>Diese sind:\u00a0IP-Adresse des Nutzers, Name der abgerufenen Webseite bzw. Datei\u00a0, Datum und Uhrzeit des Zugriffs, \u00fcbertragene Datenmenge, Meldung \u00fcber erfolgreichen Abruf, Browser-Typ und Version, Betriebssystem des Nutzers, verwendetes Endger\u00e4t des Nutzers, inklusive MAC-Adresse, Referrer-URL (die zuvor besuchte Seite)\u00a0<br>Diese Daten werden nicht mit anderen personenbezogenen Daten, die Sie aktiv im Rahmen der Webseite angeben, zusammengef\u00fchrt. Server-Logfiles erheben wir zu dem Zweck, die Webseite administrieren und unautorisierte Zugriffe erkennen und abwehren zu k\u00f6nnen.<br>Rechtsgrundlage\u00a0<br>Die personenbezogenen Daten in Logfiles werden auf Basis von Art. 6 Abs. 1 lit. f DSGVO verarbeitet. Dieser Erlaubnistatbestand gestattet die Verarbeitung von personenbezogenen Daten im Rahmen des \u201eberechtigten Interesses\u201c des Verantwortlichen, soweit nicht Ihre Grundrechte, Grundfreiheiten oder Interessen \u00fcberwiegen. Unser berechtigtes Interesse besteht in der leichteren Administration und der M\u00f6glichkeit, Hacking zu erkennen und zu verfolgen. Sie k\u00f6nnen dieser Datenverarbeitung jederzeit widersprechen, wenn Gr\u00fcnde vorliegen, die in Ihrer besonderen Situation bestehen und die gegen die Datenverarbeitung sprechen. Hierzu gen\u00fcgt eine E-Mail an den Datenschutzbeauftragten.\u00a0<br>Was sind IP-Adressen?<br>IP-Adressen werden jedem Ger\u00e4t (z.B. Smartphone, Tablet, PC), das mit dem Internet verbunden ist, zugewiesen. Welche IP-Adresse dies ist, h\u00e4ngt davon ab, \u00fcber welchen Internetzugang Ihr Endger\u00e4t aktuell mit dem Internet verbunden ist. Es kann sich dabei um die IP-Adresse handeln, die Ihnen Ihr Internetprovider zugeteilt hat, etwa wenn Sie zu Hause \u00fcber Ihr W-LAN mit dem Internet verbunden sind. Es kann sich aber auch um eine IP-Adresse handeln, die Ihnen Ihr Mobilfunkprovider zugeteilt hat oder um die IP-Adresse eines Anbieters eines \u00f6ffentlichen oder privaten W-LANs oder anderen Internetzugangs. In ihrer derzeit gel\u00e4ufigsten Form (IPv4) besteht die IP-Adresse aus vier Zifferbl\u00f6cken. Zumeist werden Sie als privater Nutzer keine gleichbleibende IP-Adresse benutzen, da Ihnen diese von Ihrem Provider nur vor\u00fcbergehend zugewiesen wird (sogenannte \u201edynamische IP-Adresse\u201c). Bei einer dauerhaft zugeordneten IP-Adresse (sogenannte \u201estatische IP-Adresse\u201c) ist eine eindeutige Zuordnung der Nutzerdaten im Prinzip einfacher m\u00f6glich. Au\u00dfer zum Zwecke der Verfolgung unzul\u00e4ssiger Zugriffe auf unser Internetangebot verwenden wir diese Daten grunds\u00e4tzlich nicht personenbezogen, sondern werten lediglich auf anonymisierter Basis aus, welche unserer Webseiten favorisiert werden, wie viele Zugriffe t\u00e4glich erfolgen und \u00e4hnliches.<br>Dauer der Datenspeicherung<br>Die Server-Logfiles mit den oben genannten Daten werden automatisch nach 30 Tagen gel\u00f6scht. Wir behalten uns vor, die Server-Logfiles l\u00e4nger zu speichern, wenn Tatsachen vorliegen, welche die Annahme eines unzul\u00e4ssigen Zugriffs (wie etwa der Versuch eines Hackings oder einer sogenannten DDOS-Attacke) nahe legen.<br><strong>Google Analytics<\/strong><br>Unsere Webseite benutzt Google Analytics, einen Webanalysedienst der Google LLC (\u201eGoogle\u201c). Google Analytics setzt mehrere \u201eCookies\u201c ein, um Ihren Browser zu identifizieren. Die durch die Cookies erzeugten Informationen \u00fcber Ihre Benutzung dieser Webseite werden in der Regel an einen Server von Google in den USA \u00fcbertragen und dort gespeichert. Wir haben allerdings die IP-Anonymisierungsfunktion auf dieser Webseite aktiviert, so dass Ihre IP-Adresse von Google innerhalb von Mitgliedstaaten der Europ\u00e4ischen Union oder in anderen Vertragsstaaten des Abkommens \u00fcber den Europ\u00e4ischen Wirtschaftsraum zuvor gek\u00fcrzt wird. Nur in Ausnahmef\u00e4llen wird die volle IP-Adresse an einen Server von Google in den USA \u00fcbertragen und dort gek\u00fcrzt. Im Auftrag des Betreibers dieser Webseite wird Google diese Informationen benutzen, um Ihre Nutzung der Webseite auszuwerten, um Reports \u00fcber die Webseitenaktivit\u00e4ten zusammenzustellen und um weitere mit der Webseitennutzung und der Internetnutzung verbundene Dienstleistungen gegen\u00fcber dem Webseitenbetreiber zu erbringen. Die im Rahmen von Google Analytics von Ihrem Browser \u00fcbermittelte IP-Adresse wird nicht mit anderen Daten von Google zusammengef\u00fchrt. F\u00fcr die Ausnahmef\u00e4lle, in denen personenbezogene Daten in die USA \u00fcbertragen werden, hat sich Google dem EU-US-Privacy Shield unterworfen, https:\/\/www.privacyshield.gov\/EU-US-Framework.<br>Rechtsgrundlage<br>Die Verarbeitung von personenbezogenen Daten durch Google Analytics st\u00fctzen wir auf Art. 6 Abs. 1 lit. f DSGVO. Dieser Erlaubnistatbestand gestattet die Verarbeitung von personenbezogenen Daten im Rahmen des \u201eberechtigten Interesses\u201c des Verantwortlichen, soweit nicht Ihre Grundrechte, Grundfreiheiten oder Interessen \u00fcberwiegen. Unser berechtigtes Interesse besteht in der Analyse der Nutzung unserer Webseite. Sie k\u00f6nnen die \u00dcbermittlung der durch das Cookie erzeugten und auf Ihre Nutzung der Webseite bezogenen Daten (inkl. Ihrer IP-Adresse) an Google sowie die Verarbeitung dieser Daten durch Google verhindern, indem Sie das unter dem folgenden Link verf\u00fcgbare Browser-Plugin herunterladen und installieren: http:\/\/tools.google.com\/dlpage\/gaoptout?hl=de.\u00a0<br>Dauer der Datenspeicherung<br>Der Personenbezug wird unmittelbar durch die Teill\u00f6schung der IP-Adressen entfernt, sodass nur statistische Daten gespeichert werden.<br>Rechtsgrundlage<br>Die Verarbeitung von personenbezogenen Daten durch AWIN st\u00fctzen wir auf Art. 6 Abs. 1 lit. f DSGVO. Dieser Erlaubnistatbestand gestattet die Verarbeitung von personenbezogenen Daten im Rahmen des \u201eberechtigten Interesses\u201c des Verantwortlichen, soweit nicht Ihre Grundrechte, Grundfreiheiten oder Interessen \u00fcberwiegen. Unser berechtigtes Interesse besteht in der Zuordnung des Erfolgs eines Werbemittels und der entsprechenden Abrechnung im Rahmen seines Netzwerks. Falls Sie die Speicherung von Cookies in Ihrem Browser nicht w\u00fcnschen, k\u00f6nnen Sie dies durch die entsprechende Browsereinstellung erreichen. Sie k\u00f6nnen in Ihrem jeweiligen Browser das Speichern von Cookies unter Extras\/Internetoptionen deaktivieren, auf bestimmte Webseiten beschr\u00e4nken oder Ihren Browser so einstellen, dass er Sie benachrichtigt, sobald ein Cookie gesendet wird. Bitte beachten Sie aber, dass Sie in diesem Fall mit einer eingeschr\u00e4nkten Darstellung der Onlineangebote und einer eingeschr\u00e4nkten Benutzerf\u00fchrung rechnen m\u00fcssen. Sie k\u00f6nnen Cookies auch jederzeit l\u00f6schen. In diesem Fall werden die darin hinterlegten Informationen von Ihrem Endger\u00e4t entfernt.<br>Dauer der Datenspeicherung<br>Das Cookie wird f\u00fcr zwei Monate nach dem letzten Besuch der Webseite gel\u00f6scht.\u00a0<br><strong>Google Maps<\/strong><br>Diese Webseite verwendet Google Maps API, um geographische Informationen visuell darzustellen. Bei der Nutzung von Google Maps werden von Google LLC auch Daten \u00fcber die Nutzung der Maps-Funktionen durch Besucher der Webseiten verarbeitet und in die USA \u00fcbertragen. Google hat sich dem EU-US-Privacy Shield unterworfen, https:\/\/www.privacyshield.gov\/EU-US-Framework, um die Daten, die von europ\u00e4ischen B\u00fcrgern in die USA transferiert werden, gem\u00e4\u00df EU-Standards zu sch\u00fctzen. N\u00e4here Informationen \u00fcber die Datenverarbeitung durch Google k\u00f6nnen Sie den Datenschutzhinweisen von Google entnehmen. Dort k\u00f6nnen Sie im Datenschutzcenter auch Einstellungen ver\u00e4ndern, um die Verwendung der eigenen Daten durch Google zu steuern.<br>Rechtsgrundlage<br>Die Verarbeitung von personenbezogenen Daten im Zusammenhang mit Google Maps st\u00fctzen wir auf Art. 6 Abs. 1 lit. f DSGVO. Dieser Erlaubnistatbestand gestattet die Verarbeitung von personenbezogenen Daten im Rahmen des \u201eberechtigten Interesses\u201c des Verantwortlichen, soweit nicht Ihre Grundrechte, Grundfreiheiten oder Interessen \u00fcberwiegen. Unser berechtigtes Interesse besteht in der Zurverf\u00fcgungstellung von kostenlosen Karten-Funktionen. Sie k\u00f6nnen dieser Datenverarbeitung jederzeit widersprechen, wenn Gr\u00fcnde vorliegen, die in Ihrer besonderen Situation bestehen und die gegen die Datenverarbeitung sprechen. Hierzu gen\u00fcgt eine E-Mail an den Datenschutzbeauftragten.\u00a0<br>Dauer der Datenspeicherung<br>Der Verantwortliche f\u00fcr diese Webseite speichert keine im Zusammenhang mit Google Maps verarbeiteten Daten. F\u00fcr die Speicherdauer bei Google wird auf die Datenschutzhinweisen von Google verwiesen.<br><strong>Google Fonts<\/strong><br>Diese Seite nutzt zur einheitlichen Darstellung von Schriftarten so genannte Web Fonts, die von Google bereitgestellt werden. Beim Aufruf einer Seite l\u00e4dt Ihr Browser die ben\u00f6tigten Web Fonts in ihren Browsercache, um Texte und Schriftarten korrekt anzuzeigen. Zu diesem Zweck muss der von Ihnen verwendete Browser Verbindung zu den Servern von Google aufnehmen. Hierdurch erlangt Google Kenntnis dar\u00fcber, dass \u00fcber Ihre IP-Adresse unsere Website aufgerufen wurde. Die Nutzung von Google Web Fonts erfolgt im Interesse einer einheitlichen und ansprechenden Darstellung unserer Online-Angebote. Dies stellt ein berechtigtes Interesse im Sinne von Art. 6 Abs. 1 lit. f DSGVO dar. Wenn Ihr Browser Web Fonts nicht unterst\u00fctzt, wird eine Standardschrift von Ihrem Computer genutzt. Weitere Informationen zu Google Web Fonts finden Sie unter https:\/\/developers.google.com\/fonts\/faq und in der Datenschutzerkl\u00e4rung von Google: https:\/\/www.google.com\/policies\/privacy\/.<br><strong>Facebook-Pixel<\/strong><br>Diese Website verwendet den &#8222;Facebook-Pixel&#8220; der Facebook Inc., 1 Hacker Way, Menlo Park, CA 94025, USA (&#8222;Facebook&#8220;). Im Falle der Erteilung einer ausdr\u00fccklichen Einwilligung kann hierdurch das Verhalten von Nutzern nachverfolgt werden, nachdem diese eine Facebook-Werbeanzeige gesehen oder angeklickt haben. Dieses Verfahren dient dazu, die Wirksamkeit der Facebook-Werbeanzeigen f\u00fcr statistische und Marktforschungszwecke auszuwerten und kann dazu beitragen, zuk\u00fcnftige Werbema\u00dfnahmen zu optimieren.<br>Die erhobenen Daten sind f\u00fcr uns anonym, bieten uns also keine R\u00fcckschl\u00fcsse auf die Identit\u00e4t der Nutzer. Allerdings werden die Daten von Facebook gespeichert und verarbeitet, sodass eine Verbindung zum jeweiligen Nutzerprofil m\u00f6glich ist und Facebook die Daten f\u00fcr eigene Werbezwecke, entsprechend der Facebook- Datenverwendungsrichtlinie (https:\/\/www.facebook.com\/about\/privacy\/) verwenden kann. Sie k\u00f6nnen Facebook sowie dessen Partnern das Schalten von Werbeanzeigen auf und au\u00dferhalb von Facebook erm\u00f6glichen. Es kann ferner zu diesen Zwecken ein Cookie auf Ihrem Rechner gespeichert werden. Diese Verarbeitungsvorg\u00e4nge erfolgen ausschlie\u00dflich bei Erteilung der ausdr\u00fccklichen Einwilligung gem\u00e4\u00df Art. 6 Abs. 1 lit. a DS-GVO.<br>Eine Einwilligung in den Einsatz des Facebook-Pixels darf nur von Nutzern, die \u00e4lter als 13 Jahre alt sind, erkl\u00e4rt werden. Falls Sie j\u00fcnger sind, bitten wir Sie, Ihre Erziehungsberechtigten um Erlaubnis zu fragen.<br>Facebook Inc. mit Sitz in den USA ist f\u00fcr das us-europ\u00e4ische Datenschutz\u00fcbereinkommen &#8222;Privacy Shield&#8220; zertifiziert, welches die Einhaltung des in der EU geltenden Datenschutzniveaus gew\u00e4hrleistet.<br>Um die Verwendung von Cookies auf Ihrem IT-System zu deaktivieren, k\u00f6nnen Sie Ihren Internetbrowser so einstellen, dass zuk\u00fcnftig keine Cookies mehr auf Ihrem IT-system abgelegt werden k\u00f6nnen bzw. bereits abgelegte Cookies gel\u00f6scht werden. Das Abschalten s\u00e4mtlicher Cookies kann jedoch dazu f\u00fchren, dass einige Funktionen auf unseren Internetseiten nicht mehr ausgef\u00fchrt werden k\u00f6nnen. Sie k\u00f6nnen der Verwendung von Cookies durch Drittanbieter wie z.B. Facebook auch auf folgender Website der Digital Advertising Alliance deaktivieren: https:\/\/www.aboutads.info\/choices\/<\/p>\n","protected":false},"excerpt":{"rendered":"<p>EinleitungDiese Datenschutzerkl\u00e4rung kl\u00e4rt Sie \u00fcber die Art, den Umfang und die Zwecke der Erhebung und Verwendung personenbezogener Daten auf der Webseite \u201ehttps:\/\/www.redrooster-pub.de\u201c (im Folgenden \u201eWebseite\u201c, \u201ewir\u201c oder \u201euns\u201c) auf. Wir sind die verantwortliche Stelle f\u00fcr s\u00e4mtliche personenbezogenen Daten, die auf der Webseite erhoben werden, es sei denn, diese Datenschutzerkl\u00e4rung enth\u00e4lt abweichende Angaben.Personenbezogene Daten sind Informationen, <a href=\"https:\/\/redrooster-pub.de\/?page_id=36\" class=\"more-link\">&#8230;<\/a><\/p>\n","protected":false},"author":1,"featured_media":0,"parent":0,"menu_order":0,"comment_status":"closed","ping_status":"closed","template":"","meta":[],"_links":{"self":[{"href":"https:\/\/redrooster-pub.de\/index.php?rest_route=\/wp\/v2\/pages\/36"}],"collection":[{"href":"https:\/\/redrooster-pub.de\/index.php?rest_route=\/wp\/v2\/pages"}],"about":[{"href":"https:\/\/redrooster-pub.de\/index.php?rest_route=\/wp\/v2\/types\/page"}],"author":[{"embeddable":true,"href":"https:\/\/redrooster-pub.de\/index.php?rest_route=\/wp\/v2\/users\/1"}],"replies":[{"embeddable":true,"href":"https:\/\/redrooster-pub.de\/index.php?rest_route=%2Fwp%2Fv2%2Fcomments&post=36"}],"version-history":[{"count":2,"href":"https:\/\/redrooster-pub.de\/index.php?rest_route=\/wp\/v2\/pages\/36\/revisions"}],"predecessor-version":[{"id":94,"href":"https:\/\/redrooster-pub.de\/index.php?rest_route=\/wp\/v2\/pages\/36\/revisions\/94"}],"wp:attachment":[{"href":"https:\/\/redrooster-pub.de\/index.php?rest_route=%2Fwp%2Fv2%2Fmedia&parent=36"}],"curies":[{"name":"wp","href":"https:\/\/api.w.org\/{rel}","templated":true}]}}